e the prime factors of (q/75 - 0) + (-10)/75?
587
Let w be (-9)/(-1)*4/12. Suppose 3*t - 3*o = -6, w*o = -0*o + 15. Suppose 0 = i + 4*i + 25, -r - t*i + 81 = 0. List the prime factors of r.
2, 3
Let o(g) be the first derivative of g**4/4 + 7*g**3/3 - 6*g**2 - 8*g - 7. Let t(w) = w**2 + 11*w + 10. Let l be t(-9). List the prime factors of o(l).
2, 3
Let h = 14629 + -8557. What are the prime factors of h?
2, 3, 11, 23
Suppose -165*n - 1764 = -158*n. Let t = n + 600. List the prime factors of t.
2, 3, 29
Let n = -39 + 41. Suppose n*j + 13 = 5. Let z(x) = -24*x - 7. List the prime factors of z(j).
89
Let z be (180/24)/(5/2). Suppose 4*j = -5*l + 6694, -3150 = -z*j + 4*l + 1855. What are the prime factors of j?
3, 557
Let r(j) = 18*j**2 + 18*j + 39. List the prime factors of r(-6).
3, 193
Suppose -6*c + 107577 - 28983 = 0. What are the prime factors of c?
13099
Let f(s) = -s**2 + 11*s - 16. Let k be f(9). Suppose k*y + 193 = j, -3*j + 10*y + 589 = 9*y. List the prime factors of j.
197
Let s = 25 - 20. Suppose -s*i - 4*l = 4 - 1, -l = -i + 3. What are the prime factors of (-1196)/(-6) + ((-25)/(-15) - i)?
2, 5
Suppose -2*q + 2160 = 13*q. Suppose -1036 = -148*m + q*m. What are the prime factors of m?
7, 37
Let a be 5*(-1 + (-12)/(-20)). Let r(s) = 5 + 4*s + 4 - 7*s - 9*s. List the prime factors of r(a).
3, 11
Let s(v) = -6*v**2 + 9*v + 13. Let g be s(-4). Let h = 404 + g. List the prime factors of h.
3, 5, 19
Let p = 48270 - 13666. List the prime factors of p.
2, 41, 211
Suppose 2*b = -2*y + 1376, 13*y = 9*y - 8. Suppose b - 542 = x. What are the prime factors of x?
2, 37
Suppose 77 = 5*i + 27. Let g(q) be the third derivative of q**6/120 - q**5/6 + 3*q**4/8 + q**3 - 8*q**2. What are the prime factors of g(i)?
2, 3
Let u(r) = 2*r**3 - 45*r**2 - 13*r + 173. List the prime factors of u(26).
4567
Let k = 240293 + -164507. List the prime factors of k.
2, 3, 17, 743
Suppose 303*w - 109*w = 10379582. What are the prime factors of w?
53503
Let i = -5 + 39. Let h = -37 + i. What are the prime factors of (10/(-15))/(1*1/h)?
2
Let u = 3998 + 23641. List the prime factors of u.
3, 37, 83
Let m(s) = -122*s - 9. Let y(n) = -n**3 - 3*n**2 + 11*n + 4. Let a be y(-5). List the prime factors of m(a).
113
Let c = -62 + 35. Let q = c + 29. Suppose -q*v - 2 = -32. List the prime factors of v.
3, 5
Let l(u) = -178*u + 3. Let o be l(-2). Suppose -2*w + o = -143. What are the prime factors of w?
251
Let x(t) be the first derivative of t**4/4 + 4*t**3 - 9*t**2/2 + 15*t - 79. What are the prime factors of x(-6)?
3, 5, 19
Let o(w) = -20*w - 52. Suppose 89*c - 40 = 91*c. List the prime factors of o(c).
2, 3, 29
Let t(s) = -8*s**3 - 291*s**2 + 25*s + 110. List the prime factors of t(-39).
2, 17, 457
Suppose 3*x + 3 = 0, -u = -2*u - x + 1. Suppose -2*g + 674 = -2*h, -h = -2*g + u*h + 675. Suppose 0 = -3*a - 3*a + g. What are the prime factors of a?
2, 7
Let r(f) = f**2 + 5*f + 2. Let o be r(-5). Suppose o*l + 0*t - 2895 = -5*t, -2*t = l - 1448. What are the prime factors of l?
2, 5, 29
Suppose 190*q + 45295 + 641905 = 240*q. List the prime factors of q.
2, 859
Let a = 8781 - 6138. What are the prime factors of a?
3, 881
Let w(g) = 22*g**2 - 10*g - 13*g**2 - 16 + 2*g**2. List the prime factors of w(-6).
2, 5, 11
Suppose -15*i + 36*i = 67053. Suppose 11*t - 7*t - q - i = 0, -t + 3*q = -790. List the prime factors of t.
17, 47
Let p = -29 + 33. Suppose 5*l - 6*g - 85 = -p*g, -10 = l + 5*g. What are the prime factors of l?
3, 5
Let o(p) be the first derivative of 5*p**3/3 + 3*p**2/2 + 2*p - 30. Let g be o(-2). List the prime factors of 31/3 + g/24.
11
Let q(z) = -131*z + 884. What are the prime factors of q(-49)?
67, 109
Suppose q + q + 3*t - 118 = 0, -3*t - 12 = 0. Let i(n) = -75*n + 2707. Let k be i(36). Let u = k + q. What are the prime factors of u?
2, 3
Suppose -2*k = -5*a + 20562, 7452 + 792 = 2*a - 4*k. List the prime factors of a.
2, 3, 5, 137
Let z(u) = 8*u**2 - 43*u - 43. List the prime factors of z(-9).
2, 31
Let r(d) = d**3 + 383*d**2 + 2*d + 31975. What are the prime factors of r(0)?
5, 1279
Let w be ((-1)/(-2))/((-2)/(-1532)). Suppose -2*d = 0, -4*n - 5*d + 1537 = -w. List the prime factors of n.
2, 3, 5
Let v = 66 - 47. Let p = v + -17. Suppose 3*m + 198 = 2*a, -p*a = -6*a - 3*m + 396. List the prime factors of a.
3, 11
Let b = 4994 - 2389. List the prime factors of b.
5, 521
Let i(n) = n**3 - 8*n**2 - 3*n + 10. Let j be i(8). Let o be j/6*2*(-15)/10. List the prime factors of 980/15*(-2 + o/2).
2, 7
Suppose 6*l - 4*l - 1975 = 3*g, -3*l - g + 2990 = 0. List the prime factors of l.
5, 199
Let n(k) = k**2 - 5*k + 41. Let u = -15 - -29. What are the prime factors of n(u)?
167
Let t(x) = -2*x**3 - 17*x**2 - 5*x + 37. What are the prime factors of t(-12)?
5, 13, 17
Let y = -22593 - -55501. List the prime factors of y.
2, 19, 433
Let i = 63 - 40. Suppose -i = -8*c + 33. Suppose -2*v + c*v = 230. List the prime factors of v.
2, 23
Let o(b) = -6*b. Let m be o(-1). Let k(z) be the second derivative of -z**4/6 + 7*z**3/3 + 5*z**2/2 - 22*z + 2. What are the prime factors of k(m)?
17
Suppose 0 = -3553*n + 3545*n + 170992. What are the prime factors of n?
2, 10687
Let r = -8807 - -15153. Suppose -7*g + 2761 + r = 0. What are the prime factors of g?
1301
Suppose 0 = 5*w - p + 24377 - 77916, 2*p - 2 = 0. List the prime factors of w.
2, 2677
Suppose 3*j = 21 + 5007. Let k = -118 - -110. What are the prime factors of j/30 - k/60?
2, 7
Suppose -5*b = 4*j - 6*b - 103896, -8*b + 32 = 0. List the prime factors of j.
5, 1039
Suppose -2*q - 5*g = 0, 2*g - 3*g = -q. Suppose 9*p - p = q. Suppose p = -3*x + v + 281, 0*x = -4*x + 2*v + 376. List the prime factors of x.
3, 31
Suppose -2*l + 4*p + 32 = -0, 34 = 4*l + 2*p. Let j = -33 - -98. List the prime factors of l/j - 8676/(-52).
167
List the prime factors of 41442/(-8)*(-16)/3.
2, 6907
Suppose 0 = -2*z - 5*o + 778, -5*z + 4*o + 1572 = -307. Let c = z + -169. What are the prime factors of c?
2, 3, 5, 7
Let n be 4/(16/3) - 344/32. List the prime factors of (-115)/n*(-1)/(2/(-36)).
3, 23
Let r = -850 - -1574. Suppose 223*a - r = 221*a. What are the prime factors of a?
2, 181
Let l = 29 + -39. Let v(a) = -6*a - 23. Let q be v(l). Let w = q + -27. What are the prime factors of w?
2, 5
Let u(i) = 3*i + 4*i + 18 + 0*i - 9*i. Let p be u(6). List the prime factors of (p/5)/((-54)/(-2565)).
3, 19
List the prime factors of (1698/(-1415))/((-2)/10155).
3, 677
Let j(b) = 797*b - 1580. What are the prime factors of j(32)?
2, 5981
Let y(q) = 2*q**2 - 11*q - 23. Let f be y(-6). Let r = f - 46. What are the prime factors of r?
3, 23
Suppose -7*u + 11*u = 3*r + 269, -2*r + u - 181 = 0. What are the prime factors of 260 - (14/r - 150/39)?
2, 3, 11
List the prime factors of (-17 + 2325/125)*(-490)/(-4).
2, 7
Let a(o) = -o**3 + o**2 + 11*o + 7. Let n be a(4). Suppose 4*g - n*s - 3128 = -7*s, s + 3118 = 4*g. What are the prime factors of g?
2, 3, 5, 13
List the prime factors of 12 + 256689/45 + (-3)/15.
2, 1429
Let d = 20 - 22. Suppose 38 + 52 = -6*b. What are the prime factors of ((-560)/b)/(d + (-7)/(-3))?
2, 7
Let b be 10/20 - (-921)/(-6). Let l = b + 65. Let z = l + 167. What are the prime factors of z?
79
Let b = 33595 + -14948. List the prime factors of b.
29, 643
Let s = -57 - -42. Let a(p) = 2*p**2 + 17*p + 9. Let c be a(s). Suppose -3*n + 46 = t + n, -4*n - c = -4*t. What are the prime factors of t?
2, 5
Let p = 12 + -2. What are the prime factors of 8/(-32)*-4 - p*-41?
3, 137
What are the prime factors of 5*242 + 0 - 2*203/(-58)?
1217
What are the prime factors of (-10 - -10898) + (-49)/(-7)?
5, 2179
Suppose 4*u - 9 = -21. Let v(s) be the third derivative of -9*s**4/8 - 7*s**3/6 + s**2. List the prime factors of v(u).
2, 37
Suppose 22*z - 18*z = 16. Suppose -3*x - 3*a + 314 = -a, z*x - 2*a - 400 = 0. What are the prime factors of x?
2, 3, 17
Let r be (5 - 14/3)/(4/3480). Let t = 7 + 0. Suppose -r = -t*l - 94. What are the prime factors of l?
2, 7
Suppose 0 = 39*c - 42*c - 183. Let r = c - -285. What are the prime factors of r?
2, 7
Suppose -63 = -50*m + 37. Suppose m*s - 454 = -4*n, 2*n = 2*s + 128 - 600. List the prime factors of s.
233
Let f(w) = -136*w + 3. Let u be f(2). Suppose 124*t - 7*t - 49448 + 3233 = 0. Let x = u + t. List the prime fact